v) = -91*v**3 + v**2 - v + 1. Let o be a(1). Let y = -51 - o. What are the prime factors of y?
3, 13
Suppose 0*x + 2*d = 4*x - 2270, -5*x + 2838 = -2*d. Let m = x + -383. What are the prime factors of m?
5, 37
List the prime factors of ((-4)/(-6))/((-120)/(-105660)).
587
Let i(v) be the second derivative of -v**3/3 + 2*v**2 + 12*v. What are the prime factors of i(-5)?
2, 7
Suppose -5 = -i + 4*i + 5*c, 0 = 3*i - 4*c - 31. Suppose -2*s = 5*k - 7 - 1, 5 = -5*s. Suppose 2*b + 16 = -k*b, 51 = i*f - 4*b. What are the prime factors of f?
7
Let l(p) = -68*p + 3. Let x be l(-2). Suppose 2*g = h + x, g + 5*h - 113 = -16. What are the prime factors of g?
2, 3
Suppose -21 = -3*o + o + 3*p, 3*o - 4*p - 29 = 0. Suppose -o*m - v - 2*v = -138, 2*m = -v + 89. List the prime factors of m.
43
Let d(h) = 13*h + 7. Let p be d(-3). Let q = -32 - p. Suppose 176 = b + 3*b - 3*r, -5*b + 4*r + 219 = q. What are the prime factors of b?
47
Suppose 10*j - 7*j - 3*r = 4473, 5*j = 2*r + 7443. List the prime factors of j.
1487
Let a = -33 - -35. Suppose a*w - 46 = 2. What are the prime factors of w?
2, 3
Suppose -18477 = -13*s - 2084. What are the prime factors of s?
13, 97
Let w = -50 + 78. List the prime factors of (8 - 10) + w/1.
2, 13
Let g(v) = v**2 - 1. Let c be g(-3). Suppose 3*j - 15 = -5*r + c, -r = -j - 3. Suppose y = -4*y + 2*o + 141, r*o + 21 = y. List the prime factors of y.
29
List the prime factors of 0/(0/3 + -2) - -798.
2, 3, 7, 19
Suppose -5*h + 4*h + 56 = 0. Let b = h + -42. What are the prime factors of b?
2, 7
Suppose k = 4*w + 77 + 73, -4*k + 3*w + 561 = 0. What are the prime factors of k?
2, 3, 23
Let w = -16 + 18. Let c be w*2/(-4)*0. Suppose c = 2*f - 8, 2*f - 128 = -4*i - 2*f. List the prime factors of i.
2, 7
Suppose 2*z = 7*z - 215. Let m be 26/4 - (-3)/(-6). Suppose i - z = -m. List the prime factors of i.
37
Suppose 4*k + 165 = 1193. What are the prime factors of k?
257
Suppose 4*u - 2 = 18, -5*i - 2*u + 130 = 0. What are the prime factors of i?
2, 3
Let g(b) = -242*b + 8. Let d be g(2). List the prime factors of d/(-8) + (-4)/8.
59
Suppose 7*i - 1133 = 575. Suppose z + 4*z = -2*o + 299, 4*o - i = -4*z. What are the prime factors of z?
59
Suppose -2*f + n + 6022 = 0, 5*n - 13 = 7. List the prime factors of f.
23, 131
Suppose -232 = -w - 2*m + 857, -3*w + 2*m = -3291. List the prime factors of w.
3, 5, 73
Suppose 8*n - 6*n = 336. Suppose -n = -4*q + 84. Let f = q + -43. List the prime factors of f.
2, 5
Let j = -50 - -53. Suppose -j + 15 = -3*t, -4*t + 491 = 3*z. List the prime factors of z.
13
Suppose 2*o + 44 = u, -3*u - 5*o + 28 = -49. What are the prime factors of u?
2, 17
Let u = 33 + -39. Let b(n) = -10*n - 11. What are the prime factors of b(u)?
7
Suppose 0 = 7*u - 6*u - 252. Let m = 397 - u. List the prime factors of m.
5, 29
Let x(k) = -k**3 + 17*k**2 + 22*k + 17. Let y be x(18). Suppose 5*l = -5*a + 205, 9*a - 4*a + y = 2*l. List the prime factors of l.
2, 3, 7
What are the prime factors of (-1 + (-47)/(-3))/((-43)/(-2838))?
2, 11
Let l(k) = 4*k**2 + 76*k - 17. List the prime factors of l(-26).
3, 79
Let b = 7 - 3. Let f = 1 + b. Suppose u - 3*c - 5 = 0, f*u - 4*u + 3*c = 5. What are the prime factors of u?
5
Let m = -1474 + 2572. Suppose -m = 12*x - 21*x. List the prime factors of x.
2, 61
Suppose 4*u - 9 - 19 = 0. List the prime factors of (-15)/(-4 + u) + 232.
227
Suppose -4*o = -a - 1803, -3*o + a + 954 + 399 = 0. List the prime factors of o.
2, 3, 5
Let w = -64 + 73. Suppose -w*y + 229 = 76. List the prime factors of y.
17
Let z(l) = -l**3 + 21*l**2 - 25*l + 46. Let o be z(20). Suppose 81 = -2*r + r. Let c = o - r. What are the prime factors of c?
3
Let s(z) = 2*z + 12. Let v be s(5). Suppose v*o + 420 = 27*o. List the prime factors of o.
2, 3, 7
What are the prime factors of 1047/(85/10 + -7)?
2, 349
Let m = -921 + 2204. What are the prime factors of m?
1283
Let k(x) = x**2 + 5*x. Suppose -5*u + 2 = 17. Let z be (-2)/u*(-63)/7. List the prime factors of k(z).
2, 3
Let k(o) = o - 3. Let l be k(4). Suppose -3*i = y + l, 0*i - 2*i - 6 = 2*y. List the prime factors of 1/((-12)/y)*57.
19
Let d(j) = -5*j - 10. Let x be (-2)/(-6) - (-2)/(-6). Let w = x - 6. List the prime factors of d(w).
2, 5
What are the prime factors of (-9020)/(-8) - ((-4)/4)/(-2)?
7, 23
Suppose y - 2*b - 573 - 1651 = 0, -5*y + 4*b + 11096 = 0. What are the prime factors of y?
2, 277
Let p be 10/15 - (-1813)/3. Suppose -1593 = -14*c + p. List the prime factors of c.
157
Let s(x) = x**3 - 6*x**2 - 3*x - 13. Let j be s(8). Let d = j + -46. List the prime factors of d.
3, 5
Let a be (-4)/4 + 2615 - 1. List the prime factors of a/21 + 6/(-14).
2, 31
Let k(n) be the third derivative of 25*n**4/24 - 7*n**3/2 + 26*n**2. List the prime factors of k(8).
179
Let f be (-198)/(-5) + (-16)/(-40). Suppose -4*w = -0*w. Suppose o + x = 34, w*o - o + f = 3*x. What are the prime factors of o?
31
Let j = 49 - 29. Suppose j*u = 18*u + 118. What are the prime factors of u?
59
Let k be -5 + (-1 - (-1 - -3)). Let o be (-3)/6 - 212/k. Suppose -a = -3*a + o. What are the prime factors of a?
13
Let o be 9 - 7 - (-4 + 0). Suppose -5*w + 1 + 4 = 0, 70 = u + 5*w. What are the prime factors of -1*o*u/(-15)?
2, 13
Let j be 126/12 - 1/2. Let x be 18/(-45) + 16324/j. List the prime factors of x/42 + 1/7.
3, 13
Let v be (-626)/(-8) + 16/(-64). Suppose 2*u = v - 8. What are the prime factors of u?
5, 7
Let a(t) be the first derivative of t**3/3 - 7*t**2/2 + 5*t + 2. Let w be a(7). Suppose -n = -0*n - w, -5*q + 145 = 3*n. List the prime factors of q.
2, 13
Suppose -23*b = -8*b - 13395. What are the prime factors of b?
19, 47
Let s be 43 - -3*4/(-6). Suppose 0 = 5*y - 2*c - 10, -c = -4*y + c + 6. Suppose 0 = 2*g + y*u - 42, -2*g + 5*g - 5*u - s = 0. List the prime factors of g.
17
What are the prime factors of (10404/136)/(3/4)?
2, 3, 17
Suppose 3*w + 2*s - 5193 = -s, -3*w + s = -5209. Suppose 2*x = 7*x - w. Suppose -5*p = 27 - x. What are the prime factors of p?
2
Let i(p) = -p**3 + 13*p**2 - 4*p - 17. Let m be i(6). Let f = m - 156. List the prime factors of f.
5, 11
Suppose 0 = -17*i + 39331 + 25864. What are the prime factors of i?
5, 13, 59
Suppose -p = -3*p + 10. Let u = 12 + -12. Suppose h - p*k + 8 - 47 = u, -5*h + 3*k = -107. What are the prime factors of h?
19
List the prime factors of (-88)/(11 - 0) - -692.
2, 3, 19
Let y = 93 + 28. Let s be 35/(-11) + 22/y. What are the prime factors of (-1 + s)/(-1) - -3?
7
Let f(h) = -7 - h**3 + h**2 + 2*h**3 - 8 - h + 6. Let o be f(0). List the prime factors of (o/(-18))/((-1)/(-36)).
2, 3
Let p(z) be the third derivative of z**5/60 + 7*z**4/24 + 3*z**3 - 18*z**2. What are the prime factors of p(-12)?
2, 3, 13
What are the prime factors of (-45)/5*1048/(-42)*7?
2, 3, 131
Let c be (-6)/(-12) + (-1)/(-2). What are the prime factors of ((-12)/2 + 3 + 145)/c?
2, 71
Let a(i) = 2*i**3 - 5*i**2 - 1. Let v be a(4). Suppose -4*g - g - 2*n = -69, 0 = 3*g + 4*n - v. What are the prime factors of g?
13
Suppose 21 = 3*m - 5*i, -3*i - 5 = -2*m + 8. Suppose -x + 4*k + 0*k = -4, -m*x = k - 53. Let u = 40 - x. What are the prime factors of u?
2
Let k be 9 - 2 - (-2 + 3). Let l = k + -3. Suppose l*u = 5*z + 62, -z = -4*u + 2*u + 46. What are the prime factors of u?
2, 3
Let r be (-46)/(-4) - (-3)/6. Suppose -2*m - r = -6*m. What are the prime factors of m?
3
Suppose -3*r + 7*r = 8. List the prime factors of (164 + 2)*r/4.
83
Suppose 2*g - 3*p = 813, -3*g - 650 = -3*p - 1865. What are the prime factors of g?
2, 3, 67
Suppose 7*r - 5*r = 38. Suppose 3*h + 5*y = 71, -h - 4*y + r + 0 = 0. List the prime factors of h.
3
Let x = -9 + 24. Suppose 0*l - 5*l + x = 0. Suppose 0 = -l*b - 2*b + 25. What are the prime factors of b?
5
Suppose -2*k + 55 = -k. Suppose -9*j - 16 = -11*j + z, -2*z = 3*j - 17. Suppose 2*f - k = -j. List the prime factors of f.
2, 3
Suppose 15 = -3*x, -5*d - 3*x + 11 = -3*d. Suppose g - d = -0*g. Suppose -l + g = 5. What are the prime factors of l?
2
Suppose 4*b + 350 = 2*j, b - 182 = -j - 4*b. List the prime factors of j.
3, 59
Suppose -4*c + 386 = -450. Suppose 5*w - 2*g - 220 = 0, 4*w + 9*g - c = 4*g. List the prime factors of w.
2, 23
Let b = 3711 + -1861. What are the prime factors of b?
2, 5, 37
Let f(i) be the third derivative of 31*i**4/24 - 5*i*